{"id":18,"date":"2023-06-09T15:48:46","date_gmt":"2023-06-09T13:48:46","guid":{"rendered":"https:\/\/www.allewohlstand.org\/?page_id=18"},"modified":"2024-10-06T10:38:09","modified_gmt":"2024-10-06T08:38:09","slug":"wohlstand-fuer-alle","status":"publish","type":"page","link":"https:\/\/www.allewohlstand.org\/","title":{"rendered":"Wohlstand f\u00fcr Alle"},"content":{"rendered":"\n<div class=\"wp-block-group\"><div class=\"wp-block-group__inner-container is-layout-constrained wp-block-group-is-layout-constrained\">\n<h2 class=\"wp-block-heading\">Gemeinn\u00fctziger Verein zur F\u00f6rderung von sozialer Kooperation und digitaler Kompetenz<\/h2>\n\n\n\n<p>Hier kommen Sie zu unseren neuesten Beitr\u00e4gen (&#8222;Posts&#8220;):<br><a href=\"https:\/\/www.allewohlstand.org\/index.php\/beispiel-seite\/\">https:\/\/www.allewohlstand.org\/index.php\/beispiel-seite\/<\/a><\/p>\n\n\n\n<p><strong>Das sind unsere Ziele:<\/strong><\/p>\n\n\n\n<ul class=\"wp-block-list\">\n<li>F\u00f6rderung von Kooperation, Demokratie und Gemeinwohl<\/li>\n\n\n\n<li>St\u00e4rkung des allgemeinen Wohlstands<\/li>\n\n\n\n<li>Vermeidung und \u00dcberwindung von Armut<\/li>\n\n\n\n<li>Aufkl\u00e4rung \u00fcber Nutzen und Gefahren der Digitalisierung<\/li>\n\n\n\n<li>Erh\u00f6hung der Kompetenz der gesamten Bev\u00f6lkerung im Umgang mit Informationstechnologie, Internet und elektronische Medien<\/li>\n\n\n\n<li>Bef\u00e4higung der B\u00fcrger:innen, \u00f6ffentlich verf\u00fcgbare Daten qualifiziert in ihrer Entscheidungsfindung zu nutzen<\/li>\n\n\n\n<li>Jugendarbeit zur F\u00f6rderung der digitalen und sozialen Kompetenz junger Menschen<\/li>\n\n\n\n<li>Unterst\u00fctzung von Eltern und Lehrern bei der digitalen Ausbildung von Kindern und Jugendlichen<\/li>\n<\/ul>\n\n\n\n<p><strong>Machen Sie mit bei der Realisierung dieser Ziele!<\/strong><br>Wenn Sie N\u00e4heres erfahren wollen, dann senden Sie uns eine E-Mail:<br><a href=\"mailto:rna@allewohlstand.org\">rna@allewohlstand.org<\/a><\/p>\n\n\n\n<p><strong>Hier sehen Sie unsere neuesten Beitr\u00e4ge:<\/strong><\/p>\n\n\n<ul class=\"wp-block-latest-posts__list wp-block-latest-posts\"><li><a class=\"wp-block-latest-posts__post-title\" href=\"https:\/\/www.allewohlstand.org\/index.php\/2-neue-digitalisierungs-workshops\/\">2 neue Digitalisierungs-Workshops<\/a><\/li>\n<li><a class=\"wp-block-latest-posts__post-title\" href=\"https:\/\/www.allewohlstand.org\/index.php\/digitalisierung-und-menschenrechte-2\/\">Digitalisierung und Menschenrechte<\/a><\/li>\n<li><a class=\"wp-block-latest-posts__post-title\" href=\"https:\/\/www.allewohlstand.org\/index.php\/das-harte-los-eines-finanzministers\/\">Das harte Los eines Finanzministers<\/a><\/li>\n<li><a class=\"wp-block-latest-posts__post-title\" href=\"https:\/\/www.allewohlstand.org\/index.php\/digitalisierung-und-menschenrechte\/\">Digitalisierung und Menschenrechte<\/a><\/li>\n<li><a class=\"wp-block-latest-posts__post-title\" href=\"https:\/\/www.allewohlstand.org\/index.php\/ist-ungleichheit-natuerlich\/\">Ist Ungleichheit nat\u00fcrlich?<\/a><\/li>\n<\/ul>\n\n\n<p><strong>Hier sehen Sie unseren aktuellen Folder<\/strong> und k\u00f6nnen ihn als pdf herunterladen:<br><\/p>\n\n\n\n<div data-wp-interactive=\"core\/file\" class=\"wp-block-file\"><object data-wp-bind--hidden=\"!state.hasPdfPreview\" hidden class=\"wp-block-file__embed\" data=\"https:\/\/www.allewohlstand.org\/wp-content\/uploads\/2023\/08\/folder-2seitigView.pdf\" type=\"application\/pdf\" style=\"width:100%;height:600px\" aria-label=\"Einbettung von folder-2seitigView.\"><\/object><a id=\"wp-block-file--media-67d47e12-34a5-482b-82db-b9a894ba2741\" href=\"https:\/\/www.allewohlstand.org\/wp-content\/uploads\/2023\/08\/folder-2seitigView.pdf\">folder-2seitigView<\/a><a href=\"https:\/\/www.allewohlstand.org\/wp-content\/uploads\/2023\/08\/folder-2seitigView.pdf\" class=\"wp-block-file__button wp-element-button\" download aria-describedby=\"wp-block-file--media-67d47e12-34a5-482b-82db-b9a894ba2741\">Herunterladen<\/a><\/div>\n\n\n\n<p><\/p>\n\n\n\n<p>Und hier kommen Sie zu unserer <strong>Simulation, die die Entstehung ungleicher Verm\u00f6gen mathematisch erkl\u00e4rt<\/strong>: <br><a href=\"https:\/\/rnagler.shinyapps.io\/wohlstandshinydashboard\/\" data-type=\"link\" data-id=\"https:\/\/rnagler.shinyapps.io\/wohlstandshinydashboard\/\">Warum werden Reiche immer reicher?<\/a><\/p>\n<\/div><\/div>\n","protected":false},"excerpt":{"rendered":"<p>Gemeinn\u00fctziger Verein zur F\u00f6rderung von sozialer Kooperation und digitaler Kompetenz Hier kommen Sie zu unseren neuesten Beitr\u00e4gen (&#8222;Posts&#8220;):https:\/\/www.allewohlstand.org\/index.php\/beispiel-seite\/ Das sind unsere Ziele: Machen Sie mit bei der Realisierung dieser Ziele!Wenn Sie N\u00e4heres erfahren wollen, dann senden Sie uns eine E-Mail:rna@allewohlstand.org Hier sehen Sie unsere neuesten Beitr\u00e4ge: Hier sehen Sie unseren aktuellen Folder und k\u00f6nnen ihn &hellip; <a href=\"https:\/\/www.allewohlstand.org\/\" class=\"more-link\">Continue reading<span class=\"screen-reader-text\"> &#8222;Wohlstand f\u00fcr Alle&#8220;<\/span><\/a><\/p>\n","protected":false},"author":1,"featured_media":0,"parent":0,"menu_order":0,"comment_status":"closed","ping_status":"closed","template":"","meta":{"footnotes":""},"class_list":["post-18","page","type-page","status-publish","hentry"],"_links":{"self":[{"href":"https:\/\/www.allewohlstand.org\/index.php\/wp-json\/wp\/v2\/pages\/18","targetHints":{"allow":["GET"]}}],"collection":[{"href":"https:\/\/www.allewohlstand.org\/index.php\/wp-json\/wp\/v2\/pages"}],"about":[{"href":"https:\/\/www.allewohlstand.org\/index.php\/wp-json\/wp\/v2\/types\/page"}],"author":[{"embeddable":true,"href":"https:\/\/www.allewohlstand.org\/index.php\/wp-json\/wp\/v2\/users\/1"}],"replies":[{"embeddable":true,"href":"https:\/\/www.allewohlstand.org\/index.php\/wp-json\/wp\/v2\/comments?post=18"}],"version-history":[{"count":35,"href":"https:\/\/www.allewohlstand.org\/index.php\/wp-json\/wp\/v2\/pages\/18\/revisions"}],"predecessor-version":[{"id":387,"href":"https:\/\/www.allewohlstand.org\/index.php\/wp-json\/wp\/v2\/pages\/18\/revisions\/387"}],"wp:attachment":[{"href":"https:\/\/www.allewohlstand.org\/index.php\/wp-json\/wp\/v2\/media?parent=18"}],"curies":[{"name":"wp","href":"https:\/\/api.w.org\/{rel}","templated":true}]}}